{"id":967,"date":"2020-11-02T08:28:37","date_gmt":"2020-11-02T08:28:37","guid":{"rendered":"https:\/\/christoph-sitta.de\/?page_id=967"},"modified":"2026-08-27T15:17:56","modified_gmt":"2026-08-27T15:17:56","slug":"konkret-kommunal","status":"publish","type":"page","link":"https:\/\/christoph-sitta.de\/index.php\/konkret-kommunal\/","title":{"rendered":"konkret.kommunal"},"content":{"rendered":"<h1>Christoph Sitta<\/h1>\n<h1><b>konkret kommunaL<\/b><\/h1>\n<p><img decoding=\"async\" width=\"580\" height=\"290\" src=\"https:\/\/christoph-sitta.de\/wp-content\/uploads\/2020\/10\/Sitta_Ravensburg-1536x768.jpg\" alt=\"\" loading=\"lazy\" srcset=\"https:\/\/christoph-sitta.de\/wp-content\/uploads\/2020\/10\/Sitta_Ravensburg-1536x768.jpg 1536w, https:\/\/christoph-sitta.de\/wp-content\/uploads\/2020\/10\/Sitta_Ravensburg-300x150.jpg 300w, https:\/\/christoph-sitta.de\/wp-content\/uploads\/2020\/10\/Sitta_Ravensburg-1024x512.jpg 1024w, https:\/\/christoph-sitta.de\/wp-content\/uploads\/2020\/10\/Sitta_Ravensburg-768x384.jpg 768w, https:\/\/christoph-sitta.de\/wp-content\/uploads\/2020\/10\/Sitta_Ravensburg-2048x1024.jpg 2048w, https:\/\/christoph-sitta.de\/wp-content\/uploads\/2020\/10\/Sitta_Ravensburg-1200x600.jpg 1200w, https:\/\/christoph-sitta.de\/wp-content\/uploads\/2020\/10\/Sitta_Ravensburg-1980x990.jpg 1980w\" sizes=\"(max-width: 580px) 100vw, 580px\"><\/p>\n<h2>Zuh\u00f6ren.<br \/>\nEntscheiden.<br \/>\nHandeln.<\/h2>\n<p>Als stv. Vorsitzender der CDU-Fraktion im Ravensburger Gemeinderat und als Vorsitzender unserer Fraktion im Ortschaftsrat Eschach gestalte ich aktiv Lokalpolitik. Es macht mir gro\u00dfe Freude, mich f\u00fcr die CDU und f\u00fcr die Menschen in unserer Region zu engagieren.&nbsp;<\/p>\n<p>Vielen Dank f\u00fcr euer Vertrauen und die Zustimmung f\u00fcr meine politische Arbeit: Mit 7.684 Stimmen f\u00fcr den Gemeinderat und 1.897 Stimmen f\u00fcr den Ortschaftsrat bei der Kommunalwahl 2024 kann ich euren Anliegen eine starke Stimme geben.<\/p>\n<p>Ravensburg ist Herzenssache. Umso mehr freue ich mich, in den n\u00e4chsten f\u00fcnf Jahren an der Zukunft unserer Heimat mitschreiben zu k\u00f6nnen &#8211; f\u00fcr eine lebenswerte Stadt.<\/p>\n<p>Mit viel Leidenschaft engagiere ich mich ehrenamtlich f\u00fcr ein Ravensburg, in dem wir gut und gerne leben. Auch dabei gilt: Zuh\u00f6ren. Entscheiden. Handeln.<\/p>\n<p>Egal ob B\u00fcrger, H\u00e4ndler, Gastronom, Unternehmer oder Vereinsvorsitzender \u2013 gerne komme ich mit Ihnen \u00fcber Ihre Anliegen ins <a href=\"https:\/\/christoph-sitta.de\/index.php\/kontakt\/\">Gespr\u00e4ch<\/a>.<\/p>\n<p>In unseren Fraktionen und im Austausch mit euch entwickeln wir L\u00f6sungen und sind DER Ideengeber der Lokalpolitik \u2013 ganz ohne Phrasen, sondern konkret kommunal.<\/p>\n<p>Mein Ziel ist es, mit einem ganzheitlichen Blick auf die Themen, Ravensburg fit f\u00fcr die Zukunft zu machen und meinen Beitrag f\u00fcr ein lebenswertes Ravensburg zu leisten.<\/p>\n","protected":false},"excerpt":{"rendered":"<p>Christoph Sitta konkret kommunaL Zuh\u00f6ren. Entscheiden. Handeln. Als stv. Vorsitzender der CDU-Fraktion im Ravensburger Gemeinderat und als Vorsitzender unserer Fraktion im Ortschaftsrat Eschach gestalte ich aktiv Lokalpolitik. Es macht mir gro\u00dfe Freude, mich f\u00fcr die CDU und f\u00fcr die Menschen in unserer Region zu engagieren.&nbsp; Vielen Dank f\u00fcr euer Vertrauen und die Zustimmung f\u00fcr meine [&hellip;]<\/p>\n","protected":false},"author":3,"featured_media":0,"parent":0,"menu_order":0,"comment_status":"closed","ping_status":"closed","template":"elementor_header_footer","meta":[],"_links":{"self":[{"href":"https:\/\/christoph-sitta.de\/index.php\/wp-json\/wp\/v2\/pages\/967"}],"collection":[{"href":"https:\/\/christoph-sitta.de\/index.php\/wp-json\/wp\/v2\/pages"}],"about":[{"href":"https:\/\/christoph-sitta.de\/index.php\/wp-json\/wp\/v2\/types\/page"}],"author":[{"embeddable":true,"href":"https:\/\/christoph-sitta.de\/index.php\/wp-json\/wp\/v2\/users\/3"}],"replies":[{"embeddable":true,"href":"https:\/\/christoph-sitta.de\/index.php\/wp-json\/wp\/v2\/comments?post=967"}],"version-history":[{"count":67,"href":"https:\/\/christoph-sitta.de\/index.php\/wp-json\/wp\/v2\/pages\/967\/revisions"}],"predecessor-version":[{"id":1372,"href":"https:\/\/christoph-sitta.de\/index.php\/wp-json\/wp\/v2\/pages\/967\/revisions\/1372"}],"wp:attachment":[{"href":"https:\/\/christoph-sitta.de\/index.php\/wp-json\/wp\/v2\/media?parent=967"}],"curies":[{"name":"wp","href":"https:\/\/api.w.org\/{rel}","templated":true}]}}

<h1>Christoph Sitta</h1>
<h1><b>konkret kommunaL</b></h1>
<p><img decoding="async" width="580" height="290" src="https://christoph-sitta.de/wp-content/uploads/2020/10/Sitta_Ravensburg-1536x768.jpg" alt="" loading="lazy" srcset="https://christoph-sitta.de/wp-content/uploads/2020/10/Sitta_Ravensburg-1536x768.jpg 1536w, https://christoph-sitta.de/wp-content/uploads/2020/10/Sitta_Ravensburg-300x150.jpg 300w, https://christoph-sitta.de/wp-content/uploads/2020/10/Sitta_Ravensburg-1024x512.jpg 1024w, https://christoph-sitta.de/wp-content/uploads/2020/10/Sitta_Ravensburg-768x384.jpg 768w, https://christoph-sitta.de/wp-content/uploads/2020/10/Sitta_Ravensburg-2048x1024.jpg 2048w, https://christoph-sitta.de/wp-content/uploads/2020/10/Sitta_Ravensburg-1200x600.jpg 1200w, https://christoph-sitta.de/wp-content/uploads/2020/10/Sitta_Ravensburg-1980x990.jpg 1980w" sizes="(max-width: 580px) 100vw, 580px"></p>
<h2>Zuhören.<br />
Entscheiden.<br />
Handeln.</h2>
<p>Als stv. Vorsitzender der CDU-Fraktion im Ravensburger Gemeinderat und als Vorsitzender unserer Fraktion im Ortschaftsrat Eschach gestalte ich aktiv Lokalpolitik. Es macht mir große Freude, mich für die CDU und für die Menschen in unserer Region zu engagieren.&nbsp;</p>
<p>Vielen Dank für euer Vertrauen und die Zustimmung für meine politische Arbeit: Mit 7.684 Stimmen für den Gemeinderat und 1.897 Stimmen für den Ortschaftsrat bei der Kommunalwahl 2024 kann ich euren Anliegen eine starke Stimme geben.</p>
<p>Ravensburg ist Herzenssache. Umso mehr freue ich mich, in den nächsten fünf Jahren an der Zukunft unserer Heimat mitschreiben zu können &#8211; für eine lebenswerte Stadt.</p>
<p>Mit viel Leidenschaft engagiere ich mich ehrenamtlich für ein Ravensburg, in dem wir gut und gerne leben. Auch dabei gilt: Zuhören. Entscheiden. Handeln.</p>
<p>Egal ob Bürger, Händler, Gastronom, Unternehmer oder Vereinsvorsitzender – gerne komme ich mit Ihnen über Ihre Anliegen ins <a href="https://christoph-sitta.de/index.php/kontakt/">Gespräch</a>.</p>
<p>In unseren Fraktionen und im Austausch mit euch entwickeln wir Lösungen und sind DER Ideengeber der Lokalpolitik – ganz ohne Phrasen, sondern konkret kommunal.</p>
<p>Mein Ziel ist es, mit einem ganzheitlichen Blick auf die Themen, Ravensburg fit für die Zukunft zu machen und meinen Beitrag für ein lebenswertes Ravensburg zu leisten.</p>

<p>Christoph Sitta konkret kommunaL Zuhören. Entscheiden. Handeln. Als stv. Vorsitzender der CDU-Fraktion im Ravensburger Gemeinderat und als Vorsitzender unserer Fraktion im Ortschaftsrat Eschach gestalte ich aktiv Lokalpolitik. Es macht mir große Freude, mich für die CDU und für die Menschen in unserer Region zu engagieren.&nbsp; Vielen Dank für euer Vertrauen und die Zustimmung für meine [&hellip;]</p>
